?
False
Suppose -5*n + 4*f + 25 = f, -n - f = 3. Is 192 - n/(-6)*(-1 - 2) prime?
True
Let n = 5191 - 1988. Is n a composite number?
False
Let w(x) = -x**3 - 6*x**2 - 2*x - 8. Let p be w(-6). Suppose 0*m + 104 = p*m. Let l = -12 + m. Is l prime?
False
Suppose -o - 5*w + 10 = 0, -2*w = -w - 3. Let t be (o - -4) + (3 - -1). Suppose 508 = 7*c - t*c. Is c a prime number?
True
Let b(v) = -v**3 + 18*v**2 + 3*v + 25. Let x = -42 - -60. Is b(x) a composite number?
False
Let z(v) = 17*v**2 - 9*v - 7. Is z(6) composite?
True
Suppose -5*f + 2291 + 1669 = 0. Suppose -2*n + 2*h - f = h, -h = 5*n + 1973. Let c = 83 - n. Is c a prime number?
False
Let w(l) = 12*l - 9. Let v be w(8). Is (v/(-4))/(1/(-4)) a prime number?
False
Let t(r) = r**2 + r - 1. Let q be t(-3). Let h be (-830)/(-9) - (-22)/(-99). Suppose -4*v + 190 = -3*a + q*a, a - v = h. Is a a composite number?
True
Let b(x) = -8*x. Let h be b(1). Let j be 3 - 0 - (h - -2). Let n = j - -25. Is n a composite number?
True
Let k(v) = v**3 - 7*v**2 - 9*v + 10. Let u be k(8). Suppose -4 + 0 = -u*z. Suppose s - z*n = 108, -2*s + 3*n = -1 - 214. Is s prime?
False
Suppose 5*t + 14 = 2*f, -4*f - 4*t - 28 = -0*f. Let p(b) = -10*b**3 - 4*b**2 + 3. Is p(f) prime?
False
Suppose -6*s - 12577 = -9*s + 4*z, 2*z = 3*s - 12581. Is s prime?
False
Let z = -29 + 34. Suppose 4*a - 39 = 2*a + 5*s, -z*s - 17 = -a. Is a a prime number?
False
Let u(f) = f - 7. Let j be u(7). Let r(k) = 58*k - 1. Let m be r(4). Suppose 4*b - 205 - m = j. Is b composite?
False
Let n(w) = 21*w**3 - 11*w**2 + 26*w - 5. Is n(6) composite?
True
Suppose 4*x + 5*u - 11451 = 24496, -5*x + 44900 = -5*u. Is x a prime number?
False
Is (-12 + (-37)/(-3))/(1/46203) a composite number?
False
Let i(m) = 8*m**3 + 2*m + 1. Let g(k) = k**3 - k**2 + k + 1. Let f(o) = -2*g(o) + i(o). Let h be f(-1). Is (h/(-20))/((-2)/(-2056)) a prime number?
True
Let b(o) = 20*o**3 + 3*o - 3. Let w be 15/2 + (-2)/(-4). Suppose -5*c - w - 12 = 0, -3*c = 5*f + 2. Is b(f) composite?
False
Suppose z + 5 - 8 = 0. Suppose -c + 52 = i, -z*c - 2*c - 132 = -2*i. Is (-24)/i - 416/(-7) a composite number?
False
Suppose -23 = -2*z + 1. Let o = z - 10. Suppose -214 = -o*l + 40. Is l composite?
False
Is (2/1)/(((-264)/(-347105))/12) a composite number?
True
Suppose -5*c + 70 = -4*c. Suppose -c = -3*r + r. Is (r/15)/(2/174) a prime number?
False
Let f = 97715 - 68424. Suppose -5*a + f = 2*g, 2*a + 3*g - 11711 = 4*g. Is a a prime number?
True
Suppose -5*p - 22002 = -72432. Is p/9 - (-1)/3 a prime number?
False
Let d = 55 - 31. Suppose -3*x - d = -0*x. Is 1/4 + (-2454)/x composite?
False
Let m be ((-408)/(-9))/(3/(-18)). Let k = m + 1160. Is (k - -1) + 3 + -3 composite?
True
Let l = 19 - 17. Suppose -l*h + 1464 = 2*h. Let c = -179 + h. Is c a prime number?
False
Suppose -2*s = -2*m - 2, 10*m + 55 = 5*m - 5*s. Let y = 135 + -118. Let k = m + y. Is k a prime number?
True
Let m(x) be the third derivative of -19*x**7/5040 + 7*x**6/720 + x**5/10 - 4*x**2. Let k(h) be the third derivative of m(h). Is k(-13) a composite number?
True
Suppose 93 = 5*l + 28. Suppose 0 = -l*f + 3*f + 2590. Is f composite?
True
Let v(q) be the first derivative of -q**4/4 - q**3/3 - q**2 + 67*q - 3. Suppose 3*j - 23 + 8 = -i, 3*j = -5*i + 15. Is v(i) a composite number?
False
Let j be 2/6*18/2. Suppose 4*p - j*y + 34 = -5*y, 5*p = 5*y - 5. Is p*(-1 - (-4)/(-6)) prime?
False
Let a(s) = -s**2 + 6*s. Let j be -5 + 5 + (14 - 2). Let n be a(j). Let q = -41 - n. Is q a composite number?
False
Suppose 3*z - 15 = 0, -2*d + 77 = -z - 1578. Suppose 5*i + n = 1059, -d = -4*i + 5*n + 23. Let u = 301 - i. Is u a composite number?
False
Let d(n) = 7*n**2 - n. Let p be d(-6). Let w = 65 + p. Is w prime?
False
Let d(k) = 2*k**2 - 26*k - 1. Is d(18) composite?
False
Let d = -136523 - -197334. Is d prime?
True
Is (-3 - -5)/((-30)/(-2093385)) composite?
True
Let n(p) = p. Let d(c) = c**3 + 4*c**2 - 2*c - 7. Let y be d(-4). Let a(t) = 49*t - 4. Let u(f) = y*a(f) + 6*n(f). Is u(3) composite?
True
Suppose -3*k - 99 = -783. Is 5206/10 - (k/30 + -8) composite?
False
Suppose -1674 = -36*w + 34*w + 4*j, -2*w - 5*j + 1647 = 0. Is w composite?
True
Let t be (-45)/(-10) + 3/2. Suppose -t*i = -i - 15. Suppose -2*b - 5*h - 603 = -3*b, 4*b - 2504 = -i*h. Is b a composite number?
True
Suppose -5*u = 5*h - 4*h - 9236, 0 = -2*u + 2*h + 3692. Is u a composite number?
False
Let x = -5 - -10. Let j be 2/(-10) - (11 + 672/(-60)). Suppose 5*k - x*d - 124 = 426, j = -5*k + 2*d + 565. Is k prime?
False
Let g be 1 + (-2)/(-1 + 3). Suppose g = -4*w - 0*w - 152. Let r = w - -96. Is r a prime number?
False
Suppose -5*k = 5*d - 25235, d = -5*k + 6101 - 1046. Is d composite?
True
Let t(y) = -2*y + 11. Let n be t(10). Let v = n + 0. Is (-148 - 1)*(v + 8) a composite number?
False
Suppose 75386 = -13*a + 645657. Is a a prime number?
True
Suppose -4*l - 7*g + 6150 = -4*g, -4*l = 2*g - 6152. Let u = l + -904. Is u composite?
True
Let x(r) = 63*r**2 - 6*r + 2. Is x(-3) composite?
False
Let b(y) = -y**3 + 17*y**2 + 20*y - 43. Let c be b(18). Let j(m) = -245*m + 30. Is j(c) composite?
True
Suppose -4*c = c - 15. Suppose 0 = c*w + 6, -5*l + 5*w + 0*w = -645. Is l a composite number?
False
Suppose -y + 68*x + 49867 = 66*x, -2*y = x - 99744. Is y prime?
True
Suppose 0 = 3*r + 3*k + 3, 2*r + k + 3*k = 2. Is (1/(-2))/(58465/19490 + r) a prime number?
True
Suppose -212*v = -202*v - 113690. Is v a composite number?
False
Let x(j) = -38*j + 1 + 8*j**2 - 11*j**3 + 45*j + 2. Is x(-5) a composite number?
False
Let a be 3*3/(-3) + 3. Suppose 0 = g + 3*g - 12. Is (a - 1)/(g/(-699)) prime?
True
Let b(m) = m**3 - 4*m**2 + 4*m + 1. Let p be b(3). Let h be 0/((-2)/p*-2). Suppose f - 6*f + 1985 = h. Is f composite?
False
Let s be 0 - -5 - 6/2. Let o be (s - -9) + 3 + -2. Is 1786/o - 6/(-36) a composite number?
False
Suppose -2*j + 6*j = -2*l + 39338, 5*j - 19681 = -l. Is l prime?
True
Is (-10)/(-45) - (-1281225)/27 prime?
False
Suppose 6 = -0*y + 3*y. Suppose -y*l + 4*l - 77 = 3*d, d + 37 = l. Is l a composite number?
True
Suppose -p = -5*w + 9*w - 16761, 4*w - 8 = 0. Is p a prime number?
False
Let i(j) = -207*j - 23. Let v be i(-6). Let o = -536 + v. Is o a composite number?
False
Let s(n) = -438*n**3 + 2*n**2 + n. Let h be s(-2). Suppose u + 2621 = 4*u - 5*q, q = -4*u + h. Is u prime?
True
Let z(c) = 38*c**3 + 10*c**2 - 7*c + 2. Is z(7) composite?
False
Is (-9081)/(-108)*634 - (-2)/12 a composite number?
False
Suppose 3*n = 6*n. Suppose -233 = -2*c + 5*f, n = -3*f + 6*f + 9. Is c composite?
False
Let x(v) = -864*v - 23. Let g(t) = 288*t + 8. Let j(d) = -8*g(d) - 3*x(d). Is j(1) a composite number?
False
Let i = 0 - 0. Suppose -f = i, -3*w - f + 0*f + 2292 = 0. Suppose 2*p = -2*p + w. Is p prime?
True
Let f = 66 - 75. Let d = f + 122. Is d composite?
False
Let f be -4 + (-18)/4*-2. Let p be (1 - f)*(-3)/(-2). Let d(y) = -y**3 - 4*y**2 - 8*y - 7. Is d(p) prime?
True
Let g(v) = 3*v - 23. Let b(n) = 14*n - 116. Let c(m) = 3*b(m) - 16*g(m). Let h be c(7). Let a = 535 - h. Is a a prime number?
True
Let r(t) = -3*t + 2. Let v be r(-2). Let h be 2/v - (-30)/8. Suppose -z + h*f + 41 = 0, 4*f = -0*z - z + 65. Is z a composite number?
False
Let p(m) = 2*m**2 + 19*m + 8. Let f(b) = 4*b - 5. Let q be f(2). Let a(z) = -6*z**2 - 58*z - 25. Let l(d) = q*a(d) + 8*p(d). Is l(-9) a prime number?
False
Let m be 8/32 - 51/(-4). Let t = -11 + m. Suppose 0 = -t*q - q + 78. Is q a prime number?
False
Suppose -5*z - 6 = -2*k, 0 = -5*k - z + 12 + 3. Suppose -495 = -k*p + 36. Is p a composite number?
True
Let j be 95145/(-2)*4/(-1). Let v be (-4)/(-26) - j/(-195). Suppose -4*k - 5*r = -1227 - v, 0 = -2*k - 5*r + 1089. Is k composite?
False
Let k(z) = 73*z + 6. Let c be k(4). Suppose -3*s = -4*r - c, -3*s - 2 = -2*s. Let d = 207 + r. Is d prime?
True
Suppose 2*s = -4*x + 6, -3 = s + 2*x - 3*x. Let o be (4/6)/(s/(-6)). Suppose 2*q - 3*b - 140 = 0, 0 = 3*q - o*q - 5*b + 57. Is q a prime number?
True
Suppose 4*g + 4*p = 42230 + 41154, -20856 = -g + p. Is g a composite number?
True
Suppose 234 = -2*v - 22. Let m = v + 208. Let x = 114 + m. Is x a composite number?
True
Let o be (-234 - 2)*(-77)/44. Suppose 0 = -3*j + 4*j - o. Is j prime?
False
Let s = 863 - 484. Let x = 108 + s. Is x composite?
False
Is (4/(-20))/(7/(-1025